10/(-4))/((-7)/(-70)). Calculate x(j).
5
Suppose 20 = -u - 4*u. Let r(d) be the third derivative of -d**6/120 - d**5/12 - 7*d**4/24 - 5*d**3/6 - 2*d**2. What is r(u)?
7
Let m(k) = k**2 + 3*k - 6. Let w = -2 + 2. Let h be w/(2 + 0/(-1)). Let q be (-15)/6*(h - -2). What is m(q)?
4
Let u(r) be the second derivative of -r**3/6 + r**2 + 5*r. Calculate u(1).
1
Let r(h) = h**3 + 2*h**2 - 2*h + 1. Let v = 8 - 5. Suppose 2*z - 6 = -2*k + 10, v*z = 5*k - 8. Suppose s - 3*l = -2, 3*s + 2*s + z*l - 9 = 0. What is r(s)?
2
Let b be 1*-2*(-6)/4. Let c(v) = -v**3 - 9*v**2 + v + 13. Let y be c(-9). Let o(l) = 0 + 0 + y + 2*l. Give o(b).
10
Suppose -6 = 2*t - 22. Suppose -t = k + k. Let h(s) = -3*s - 5. Let c(o) = -o - 1. Let r(z) = 4*c(z) - h(z). Give r(k).
5
Suppose 0 = -2*r - 3 - 3. Let w = r - -3. Let u(g) = -g**3 - g**2 + g + 2. What is u(w)?
2
Let f(v) = 14 - 3*v - 24 + 4*v - 2*v. Determine f(-7).
-3
Let p be ((-8)/(-6))/(-2)*-3. Suppose -5*y - 4 = -p*w, -4*y - 5*w = -3*y - 10. Let k(l) = l**2 - 2 - l**2 - l**3 - l. Determine k(y).
-2
Let v(y) = 3 + 19*y**2 + 11*y - y**3 + 2*y**3 + y**3 + 10. Let n(t) = t**3 + 10*t**2 + 6*t + 7. Let b(u) = 11*n(u) - 6*v(u). What is b(-3)?
-10
Let z(b) = 4 - 5*b**2 - 5*b - 4 - 1 - 1 - b**3. Suppose -5*h + 2*h = 0. Suppose 8*o + 11 = -4*a + 3*o, h = 2*a - o + 9. What is z(a)?
2
Let s = -6 - -11. Let u(k) = 0 + 65*k - 64*k - 5 + 1. What is u(s)?
1
Let m = 21 - 14. Let n(p) = p**3 - 3*p**2 - 7*p + 3. Let j(b) = -3*b**2 - b. Let o(k) = j(k) + n(k). Calculate o(m).
-4
Let i be (-32)/(-10) - 2/10. Let b(y) = 3*y + y + 4 + 0*y - i*y. Calculate b(0).
4
Let p(u) = -5*u**2 + u - 3. Let q be (3/(-2))/((-2)/4). Let c(s) = -4*s**2 + s - 4. Let k(y) = q*c(y) - 4*p(y). Calculate k(1).
7
Let c = -5 - 1. Suppose 0 = -n + 6*n - 40. Let p(w) = 3*w + n*w + 0*w - 3 + w**2 - 6*w. Give p(c).
3
Let p be (2/(-6))/(5/(-30)). Suppose -s - 1 = p*i, -12 = 3*s + 3. Let v(w) = -5*w**i + 7 - 1 + 6*w**2 + 6*w. Give v(-4).
-2
Let r(d) be the first derivative of -2*d**3/3 - d**2 + 4*d - 226. Let o be 0 + (-8)/2 + 1. What is r(o)?
-8
Let b = 1 + 4. Suppose -2*m + 13 = 3*d, -d + b*d = m + 10. Let w(r) = -3*r**2 - d + 4 + 4*r**2. What is w(2)?
5
Let a = -2 + 5. Let o(i) = -10*i**2 - 5 + i**a + i + 5*i**2 + 0*i**2. What is o(5)?
0
Let v = 17 + -13. Suppose -4*y + 8*y = -v. Let l(j) = 8*j**2. Calculate l(y).
8
Suppose 4*p - d - 9 = 0, 9 = -2*p + p + 4*d. Let h(v) = -3*v + 6. Let x(b) = -b + 3. Let t(z) = -2*h(z) + 5*x(z). Give t(p).
6
Let r(i) be the second derivative of -5*i**3/6 + i**2/2 + 13*i. Determine r(-1).
6
Let h(b) = -b + 14. Let f be 1/(-6) - (-67)/6. Let u be h(f). Let q(m) = m**2 - 2*m + 2. Calculate q(u).
5
Let r = 7 - 4. Suppose 0 = w - 4*w + r. Let n(t) = -3*t + 1 - 2*t**2 + 5*t - 4*t. Calculate n(w).
-3
Let c(t) = 2*t**2 - t - 2. Let f(p) be the first derivative of -p**3/3 - p**2/2 + 2. Let g(a) = c(a) + 4*f(a). Calculate g(-3).
-5
Let u(g) = -5*g**2 + 2*g - 3. Let w(o) = -o**2. Let v(m) = -u(m) + 2*w(m). Determine v(2).
11
Let q(i) be the second derivative of i**4/12 + 5*i**3/6 - 3*i**2 + 8*i. Determine q(-6).
0
Let n(m) = 3*m - 1. Let k = -2 + 0. Let c(l) = 13*l. Let b(a) = -13*a - 1. Let g(u) = -4*b(u) - 5*c(u). Let z(d) = k*g(d) - 9*n(d). What is z(5)?
-4
Let k(o) = -3*o - 3. Let i(b) = -b**3 - 14*b**2 + 14*b - 17. Let n be i(-15). Calculate k(n).
3
Let q(n) = -5*n + 11. Let d(y) = -9*y + 21. Let v(r) = 6*d(r) - 11*q(r). Let h be v(-3). Let u(x) = 2 + 3*x - 5*x - 2*x + h*x. Give u(2).
-2
Let g(v) be the third derivative of -v**6/120 + 7*v**5/60 - v**4/4 - v**3/3 - v**2. Let y be g(6). Let z(k) = -2*k - 2. What is z(y)?
2
Let f(z) be the first derivative of 3 - 3*z - 1/2*z**2 + 1/4*z**4 - 2/3*z**3. Determine f(3).
3
Let h(r) be the third derivative of r**8/20160 - r**7/2520 - 7*r**6/720 - r**5/20 - 3*r**2. Let b(p) be the third derivative of h(p). Calculate b(5).
8
Let q(j) = -3*j + 8. Let z(u) = 2*u - 4. Let h(b) = -3*q(b) - 5*z(b). Calculate h(-3).
-1
Let v(a) = -6*a - a**2 + a - a**2 - 4 + a**2. What is v(-4)?
0
Suppose -6*k = -k - 25. Let m(n) = -115 - 3*n + 3*n - n + 120. Give m(k).
0
Let h(k) = -5*k**2 + 2*k - 3. Let o(r) = 11*r**2 - 5*r + 7. Let q be 4/6 + 43/3. Let u = q - 11. Let v(b) = u*o(b) + 9*h(b). Give v(2).
-7
Let b(f) = -3*f**3. Let y(i) = -i**3 - 6*i**2 - 10*i - 2. Let s be y(-2). What is b(s)?
-24
Let s(f) = 3*f - f**3 + 3*f**2 + 1 + 2*f - 2*f. Let t be s(4). Let i(l) = 2*l**2 - 1 + l - 3 + 2*l. Determine i(t).
5
Suppose 3*u + 0*u = 18. Let f be 48/(-28) - u/21. Let w(d) = -d - 1. Give w(f).
1
Let b be 3/((-2)/(-1 - 1)). Let v(a) = 6*a - 4*a - b*a + 4. Give v(3).
1
Let h(w) = w**3 - 3*w + 0*w**2 - 3*w**3 - 4*w**2. Calculate h(-2).
6
Let v(b) = b**3 + 11*b**2 - 14*b - 23. Let o be v(-12). Let a(h) = h**3 + h. Give a(o).
2
Suppose 19 = 3*q - 2*q - 5*b, -q - 8 = 4*b. Let v(z) = z**2 - 4*z - 5. Give v(q).
-5
Let w(o) = o**2 - 1. Suppose -4*p + 10 = 5*u, -3*p - 2*p = -25. Let m be w(u). Let b(n) = n + 2. Let z(y) = 2. Let a(h) = 3*b(h) - 4*z(h). What is a(m)?
7
Let t(b) = -b**3 - 16*b**2 - 2*b - 29. Let p be t(-16). Let a(n) be the second derivative of -n**3/2 + 2*n**2 - n. Calculate a(p).
-5
Let s = -1 - 9. Let t = 15 + s. Suppose 0 = t*g + l + 1, -1 = 4*g + l. Let j(d) = d**3 - d**2 + d - 5. Calculate j(g).
-5
Let l(r) = 1 + 4*r - 3*r + 2 + 2. Let d be l(-5). Let q(m) = d - m**3 + 1 + 6. Give q(0).
7
Let q(b) = -9 + 2 - b + 1. Let i be 15/(-25)*(-1 + 6). Determine q(i).
-3
Let y(z) be the third derivative of -1/24*z**4 + 1/20*z**5 + 0*z**3 + 0 + 0*z + 3*z**2. Determine y(-1).
4
Let i(a) = -3*a**3 - 1. Let o = 69 - 70. Give i(o).
2
Let l(d) be the third derivative of 0 + 5*d**2 + 1/24*d**4 + 4/3*d**3 + 1/120*d**6 + 1/10*d**5 + 0*d. Give l(-6).
2
Let s(d) be the first derivative of 1/2*d**2 - d + 2/3*d**3 + 4. Calculate s(1).
2
Suppose 3*p + 5*r + 10 = -2*p, p + 12 = 4*r. Let h = -4 + 6. Let u(x) = -x**2 - h*x + 3*x + 5 - 2*x. Give u(p).
-7
Let a(x) = -x**3 + 5*x**2 - 5 - x + 2 - 2*x**2 + 2*x**2. Let v be ((-10)/(-4))/(6/12). Determine a(v).
-8
Let f(h) = -h**2 - 8*h - 9. Let p(y) = y**3 + 6*y**2 + 4. Let x be p(-4). Let u be x/(-42)*(-7)/(-1). Determine f(u).
3
Let c(z) = -z**2 - 5*z + 8. Let n be c(-6). Suppose 5*h - 29 = r + n*r, -3*r = 4*h - 7. Let k(u) = -u - 5. Determine k(h).
-9
Suppose 15 = -v + 6*v. Suppose l - v*d - 20 = 0, 3*d = 5*l - d - 45. Let a(j) be the second derivative of j**4/12 - j**3 + 3*j**2/2 - 28*j. What is a(l)?
-2
Let f(l) be the first derivative of -1/10*l**5 - 1/12*l**4 - 1 + l**3 - 3/2*l**2 - 1/120*l**6 + 0*l. Let v(n) be the second derivative of f(n). Give v(-5).
-9
Let h = 19 - -1. Suppose 0 = -4*n - 4*d - h, -5*d + 3 = 8. Let o(c) be the third derivative of -c**5/60 - 7*c**4/24 - 5*c**3/6 + 2*c**2. What is o(n)?
7
Let h(b) = b - 1. Let k(p) = 5 - 3 - 6 - 5. Let u(v) = 2*h(v) - k(v). Calculate u(-5).
-3
Let r(g) be the second derivative of -g**6/360 - g**5/30 - g**4/12 + g**3/3 + 4*g. Let y(b) be the second derivative of r(b). Give y(-4).
-2
Let j(a) = -a**3 + a**2 + 4*a - 4. Let u(z) = -2*z + 6. Let q be u(-4). Let b = q - 11. Calculate j(b).
-10
Suppose 4*r - 3 = o + 6, 0 = 3*r + o - 5. Suppose -r*w - w = 0. Let s(v) = -v**2 - 2 - v - 2 + 3 + 3. Give s(w).
2
Let c(u) = -16*u**3. Suppose 5*w + 3 - 28 = 0. Suppose -4*f + 5*f - 1 = w*o, -f - 6 = 2*o. Give c(o).
16
Suppose 3*p - 3 = 2*p. Suppose q = -q + 10. Let z(t) = p*t - 3*t - q*t**2. Determine z(1).
-5
Let f(l) be the third derivative of l**6/120 - l**5/20 - l**4/24 - 2*l**3/3 - 5*l**2. Determine f(3).
-7
Let o(g) = 2*g - 3. Let w be o(1). Let r(f) be the third derivative of -f**6/12 - f**5/60 - f**4/12 - f**3/6 - f**2. Determine r(w).
10
Let q(i) = 3*i**2 + 24*i + 8. Let h(j) = j**2 + 8*j + 3. Let r(s) = -8*h(s) + 3*q(s). Give r(-6).
-12
Let b = 7 + -3. Suppose -b*u + u - 3 = 3*t, -2*t - u = 0. Let s(k) = t - 2*k**3 - 2 + 0. Calculate s(-1).
1
Let h(o) = o**2 - 3*o - 4. Let v = 7 - 3. Give h(v).
0
Let m(n) = n**3 - n**2 + n - 1. Let s(l) = -2*l**3 - 3*l**2 + 3*l + 3. Let u(h) = 3*m(h) + s(h). Let a = -14 - -29. Suppose p - 4*p + a = 0. Calculate u(p).
5
Let q(x) = 2*x**3 + x**2 - 2*x. Suppose j + 19 = 21. Give q(j).
16
Let j(d) = -d**2 + 2*d + 3. Let q = 6 + -5. Let i be (1/q)/(8/(-24)). What is j(i)?
-12
Let q(b) = b**3 + b**2 - b + 2. Le